{"id":8126,"date":"2025-12-14T11:56:14","date_gmt":"2025-12-14T11:56:14","guid":{"rendered":"https:\/\/turismemoixent.com\/guia-de-alojamientos\/"},"modified":"2026-01-27T11:57:39","modified_gmt":"2026-01-27T11:57:39","slug":"guia-dallotjaments","status":"publish","type":"page","link":"https:\/\/turismemoixent.com\/val\/guia-dallotjaments\/","title":{"rendered":"Guia d\u2019allotjaments"},"content":{"rendered":"\t\t<div data-elementor-type=\"wp-page\" data-elementor-id=\"8126\" class=\"elementor elementor-8126 elementor-6470\">\n\t\t\t\t\t\t<section class=\"elementor-section elementor-top-section elementor-element elementor-element-3efd5178 elementor-section-full_width elementor-hidden-tablet elementor-hidden-mobile elementor-section-height-min-height elementor-section-height-default elementor-section-items-middle\" data-id=\"3efd5178\" data-element_type=\"section\" data-settings=\"{&quot;jet_parallax_layout_list&quot;:[],&quot;background_background&quot;:&quot;classic&quot;}\">\n\t\t\t\t\t\t<div class=\"elementor-container elementor-column-gap-default\">\n\t\t\t\t\t<div class=\"elementor-column elementor-col-100 elementor-top-column elementor-element elementor-element-6ea29cfe\" data-id=\"6ea29cfe\" data-element_type=\"column\">\n\t\t\t<div class=\"elementor-widget-wrap\">\n\t\t\t\t\t\t\t<\/div>\n\t\t<\/div>\n\t\t\t\t\t<\/div>\n\t\t<\/section>\n\t\t\t\t<section class=\"elementor-section elementor-top-section elementor-element elementor-element-43f80fc5 elementor-section-full_width elementor-hidden-desktop elementor-section-height-default elementor-section-height-default\" data-id=\"43f80fc5\" data-element_type=\"section\" data-settings=\"{&quot;jet_parallax_layout_list&quot;:[{&quot;_id&quot;:&quot;a848309&quot;,&quot;jet_parallax_layout_image&quot;:{&quot;url&quot;:&quot;&quot;,&quot;id&quot;:&quot;&quot;,&quot;size&quot;:&quot;&quot;},&quot;jet_parallax_layout_image_tablet&quot;:{&quot;url&quot;:&quot;&quot;,&quot;id&quot;:&quot;&quot;,&quot;size&quot;:&quot;&quot;},&quot;jet_parallax_layout_image_mobile&quot;:{&quot;url&quot;:&quot;&quot;,&quot;id&quot;:&quot;&quot;,&quot;size&quot;:&quot;&quot;},&quot;jet_parallax_layout_speed&quot;:{&quot;unit&quot;:&quot;%&quot;,&quot;size&quot;:50,&quot;sizes&quot;:[]},&quot;jet_parallax_layout_type&quot;:&quot;scroll&quot;,&quot;jet_parallax_layout_direction&quot;:&quot;1&quot;,&quot;jet_parallax_layout_fx_direction&quot;:null,&quot;jet_parallax_layout_z_index&quot;:&quot;&quot;,&quot;jet_parallax_layout_bg_x&quot;:50,&quot;jet_parallax_layout_bg_x_tablet&quot;:&quot;&quot;,&quot;jet_parallax_layout_bg_x_mobile&quot;:&quot;&quot;,&quot;jet_parallax_layout_bg_y&quot;:50,&quot;jet_parallax_layout_bg_y_tablet&quot;:&quot;&quot;,&quot;jet_parallax_layout_bg_y_mobile&quot;:&quot;&quot;,&quot;jet_parallax_layout_bg_size&quot;:&quot;auto&quot;,&quot;jet_parallax_layout_bg_size_tablet&quot;:&quot;&quot;,&quot;jet_parallax_layout_bg_size_mobile&quot;:&quot;&quot;,&quot;jet_parallax_layout_animation_prop&quot;:&quot;transform&quot;,&quot;jet_parallax_layout_on&quot;:[&quot;desktop&quot;,&quot;tablet&quot;]}]}\">\n\t\t\t\t\t\t<div class=\"elementor-container elementor-column-gap-default\">\n\t\t\t\t\t<div class=\"elementor-column elementor-col-100 elementor-top-column elementor-element elementor-element-4468a88a\" data-id=\"4468a88a\" data-element_type=\"column\">\n\t\t\t<div class=\"elementor-widget-wrap elementor-element-populated\">\n\t\t\t\t\t\t<div class=\"elementor-element elementor-element-24cace64 elementor-widget elementor-widget-raven-image\" data-id=\"24cace64\" data-element_type=\"widget\" data-widget_type=\"raven-image.default\">\n\t\t\t\t<div class=\"elementor-widget-container\">\n\t\t\t\t\t\t\t<div class=\"raven-image\">\n\t\t\n\t\t\n\t\t<img fetchpriority=\"high\" decoding=\"async\" width=\"1920\" height=\"1000\" src=\"https:\/\/turismemoixent.com\/wp-content\/uploads\/2025\/12\/alojamientos.webp\" class=\"attachment-full size-full wp-image-8127\" alt=\"\" srcset=\"https:\/\/turismemoixent.com\/wp-content\/uploads\/2025\/12\/alojamientos.webp 1920w, https:\/\/turismemoixent.com\/wp-content\/uploads\/2025\/12\/alojamientos-300x156.webp 300w, https:\/\/turismemoixent.com\/wp-content\/uploads\/2025\/12\/alojamientos-1024x533.webp 1024w, https:\/\/turismemoixent.com\/wp-content\/uploads\/2025\/12\/alojamientos-768x400.webp 768w, https:\/\/turismemoixent.com\/wp-content\/uploads\/2025\/12\/alojamientos-1536x800.webp 1536w\" sizes=\"(max-width: 1920px) 100vw, 1920px\" \/>\t\t<\/div>\n\t\t\t\t\t\t<\/div>\n\t\t\t\t<\/div>\n\t\t\t\t\t<\/div>\n\t\t<\/div>\n\t\t\t\t\t<\/div>\n\t\t<\/section>\n\t\t\t\t<section class=\"elementor-section elementor-top-section elementor-element elementor-element-64036cec elementor-section-content-middle elementor-section-stretched elementor-section-boxed elementor-section-height-default elementor-section-height-default\" data-id=\"64036cec\" data-element_type=\"section\" id=\"pobles\" data-settings=\"{&quot;stretch_section&quot;:&quot;section-stretched&quot;,&quot;jet_parallax_layout_list&quot;:[{&quot;_id&quot;:&quot;69e5e79&quot;,&quot;jet_parallax_layout_image&quot;:{&quot;url&quot;:&quot;&quot;,&quot;id&quot;:&quot;&quot;,&quot;size&quot;:&quot;&quot;},&quot;jet_parallax_layout_image_tablet&quot;:{&quot;url&quot;:&quot;&quot;,&quot;id&quot;:&quot;&quot;,&quot;size&quot;:&quot;&quot;},&quot;jet_parallax_layout_image_mobile&quot;:{&quot;url&quot;:&quot;&quot;,&quot;id&quot;:&quot;&quot;,&quot;size&quot;:&quot;&quot;},&quot;jet_parallax_layout_speed&quot;:{&quot;unit&quot;:&quot;%&quot;,&quot;size&quot;:50,&quot;sizes&quot;:[]},&quot;jet_parallax_layout_type&quot;:&quot;scroll&quot;,&quot;jet_parallax_layout_direction&quot;:&quot;1&quot;,&quot;jet_parallax_layout_fx_direction&quot;:null,&quot;jet_parallax_layout_z_index&quot;:&quot;&quot;,&quot;jet_parallax_layout_bg_x&quot;:50,&quot;jet_parallax_layout_bg_x_tablet&quot;:&quot;&quot;,&quot;jet_parallax_layout_bg_x_mobile&quot;:&quot;&quot;,&quot;jet_parallax_layout_bg_y&quot;:50,&quot;jet_parallax_layout_bg_y_tablet&quot;:&quot;&quot;,&quot;jet_parallax_layout_bg_y_mobile&quot;:&quot;&quot;,&quot;jet_parallax_layout_bg_size&quot;:&quot;auto&quot;,&quot;jet_parallax_layout_bg_size_tablet&quot;:&quot;&quot;,&quot;jet_parallax_layout_bg_size_mobile&quot;:&quot;&quot;,&quot;jet_parallax_layout_animation_prop&quot;:&quot;transform&quot;,&quot;jet_parallax_layout_on&quot;:[&quot;desktop&quot;,&quot;tablet&quot;]}],&quot;background_background&quot;:&quot;classic&quot;}\">\n\t\t\t\t\t\t\t<div class=\"elementor-background-overlay\"><\/div>\n\t\t\t\t\t\t\t<div class=\"elementor-container elementor-column-gap-default\">\n\t\t\t\t\t<div class=\"elementor-column elementor-col-100 elementor-top-column elementor-element elementor-element-34b55977\" data-id=\"34b55977\" data-element_type=\"column\">\n\t\t\t<div class=\"elementor-widget-wrap elementor-element-populated\">\n\t\t\t\t\t<div class=\"elementor-background-overlay\"><\/div>\n\t\t\t\t\t\t<div class=\"elementor-element elementor-element-daafe14 animated-slow elementor-invisible elementor-widget elementor-widget-heading\" data-id=\"daafe14\" data-element_type=\"widget\" data-settings=\"{&quot;_animation&quot;:&quot;fadeIn&quot;,&quot;_animation_delay&quot;:300}\" data-widget_type=\"heading.default\">\n\t\t\t\t<div class=\"elementor-widget-container\">\n\t\t\t\t\t<span class=\"elementor-heading-title elementor-size-default\">Moixent, el teu refugi rural\n<\/span>\t\t\t\t<\/div>\n\t\t\t\t<\/div>\n\t\t\t\t<div class=\"elementor-element elementor-element-68200955 animated-slow elementor-invisible elementor-widget elementor-widget-heading\" data-id=\"68200955\" data-element_type=\"widget\" data-settings=\"{&quot;_animation&quot;:&quot;fadeIn&quot;,&quot;_animation_delay&quot;:500}\" data-widget_type=\"heading.default\">\n\t\t\t\t<div class=\"elementor-widget-container\">\n\t\t\t\t\t<h1 class=\"elementor-heading-title elementor-size-default\">Guia d\u2019allotjaments<\/h1>\t\t\t\t<\/div>\n\t\t\t\t<\/div>\n\t\t\t\t<div class=\"elementor-element elementor-element-654fac8a animated-slow elementor-widget-divider--view-line elementor-invisible elementor-widget elementor-widget-divider\" data-id=\"654fac8a\" data-element_type=\"widget\" data-settings=\"{&quot;_animation&quot;:&quot;fadeInRight&quot;,&quot;_animation_delay&quot;:700,&quot;_animation_tablet&quot;:&quot;fadeIn&quot;}\" data-widget_type=\"divider.default\">\n\t\t\t\t<div class=\"elementor-widget-container\">\n\t\t\t\t\t\t\t<div class=\"elementor-divider\">\n\t\t\t<span class=\"elementor-divider-separator\">\n\t\t\t\t\t\t<\/span>\n\t\t<\/div>\n\t\t\t\t\t\t<\/div>\n\t\t\t\t<\/div>\n\t\t\t\t<div class=\"elementor-element elementor-element-19a6b2f8 animated-slow elementor-invisible elementor-widget elementor-widget-text-editor\" data-id=\"19a6b2f8\" data-element_type=\"widget\" data-settings=\"{&quot;_animation&quot;:&quot;fadeIn&quot;,&quot;_animation_delay&quot;:750}\" data-widget_type=\"text-editor.default\">\n\t\t\t\t<div class=\"elementor-widget-container\">\n\t\t\t\t\t\t\t\t\t<p>Moixent es gaudix millor a foc lent, sense presses. Entre el seu patrimoni, les seues rutes i eixe encant tranquil de l\u2019interior, ve de gust quedar-se un parell de dies per a explorar tot el que guarda. Et proposem una selecci\u00f3 d\u2019allotjaments per a viure Moixent com es mereix.<\/p>\t\t\t\t\t\t\t\t<\/div>\n\t\t\t\t<\/div>\n\t\t\t\t<div class=\"elementor-element elementor-element-845b616 animated-slow elementor-widget__width-auto elementor-invisible elementor-widget elementor-widget-heading\" data-id=\"845b616\" data-element_type=\"widget\" data-settings=\"{&quot;_animation&quot;:&quot;fadeIn&quot;,&quot;_animation_delay&quot;:300}\" data-widget_type=\"heading.default\">\n\t\t\t\t<div class=\"elementor-widget-container\">\n\t\t\t\t\t<span class=\"elementor-heading-title elementor-size-default\">Pr\u00f2ximament, m\u00e9s informaci\u00f3.<\/span>\t\t\t\t<\/div>\n\t\t\t\t<\/div>\n\t\t\t\t<div class=\"elementor-element elementor-element-202c578 elementor-hidden-desktop elementor-hidden-tablet elementor-hidden-mobile elementor-widget elementor-widget-jet-listing-grid\" data-id=\"202c578\" data-element_type=\"widget\" data-settings=\"{&quot;columns&quot;:3,&quot;columns_tablet&quot;:&quot;2&quot;,&quot;columns_mobile&quot;:&quot;1&quot;}\" data-widget_type=\"jet-listing-grid.default\">\n\t\t\t\t<div class=\"elementor-widget-container\">\n\t\t\t\t\t<div class=\"jet-listing-grid jet-listing-grid--lazy-load jet-listing jet-listing-grid-loading\" data-lazy-load=\"{&quot;offset&quot;:&quot;0px&quot;,&quot;post_id&quot;:8126,&quot;queried_id&quot;:&quot;8126|WP_Post&quot;}\"><div class=\"jet-listing-grid__loader\"><div class=\"jet-listing-grid__loader-spinner\"><\/div><\/div><\/div>\t\t\t\t<\/div>\n\t\t\t\t<\/div>\n\t\t\t\t\t<\/div>\n\t\t<\/div>\n\t\t\t\t\t<\/div>\n\t\t<\/section>\n\t\t\t\t<\/div>\n\t\t","protected":false},"excerpt":{"rendered":"<p>Moixent, el teu refugi rural Moixent es gaudix millor a foc lent, sense presses. Entre el seu patrimoni, les seues rutes i eixe encant tranquil de l\u2019interior, ve de gust quedar-se un parell de dies per a explorar tot el que guarda. Et proposem una selecci\u00f3 d\u2019allotjaments per a viure Moixent com es mereix. Pr\u00f2ximament, [&hellip;]<\/p>\n","protected":false},"author":1,"featured_media":8127,"parent":0,"menu_order":0,"comment_status":"closed","ping_status":"closed","template":"full-width.php","meta":{"_acf_changed":false,"footnotes":""},"class_list":["post-8126","page","type-page","status-publish","has-post-thumbnail","hentry"],"acf":[],"yoast_head":"<!-- This site is optimized with the Yoast SEO plugin v26.6 - https:\/\/yoast.com\/wordpress\/plugins\/seo\/ -->\n<title>Guia d\u2019allotjaments - Turisme Moixent<\/title>\n<meta name=\"description\" content=\"Moixent es saboreja a foc lent: patrimoni, rutes i calma interior conviden a quedar-se. Et proposem una selecci\u00f3 d\u2019allotjaments per a viure-ho.\" \/>\n<meta name=\"robots\" content=\"index, follow, max-snippet:-1, max-image-preview:large, max-video-preview:-1\" \/>\n<link rel=\"canonical\" href=\"https:\/\/turismemoixent.com\/val\/guia-dallotjaments\/\" \/>\n<meta property=\"og:locale\" content=\"ca_ES\" \/>\n<meta property=\"og:type\" content=\"article\" \/>\n<meta property=\"og:title\" content=\"Guia d\u2019allotjaments - Turisme Moixent\" \/>\n<meta property=\"og:description\" content=\"Moixent es saboreja a foc lent: patrimoni, rutes i calma interior conviden a quedar-se. Et proposem una selecci\u00f3 d\u2019allotjaments per a viure-ho.\" \/>\n<meta property=\"og:url\" content=\"https:\/\/turismemoixent.com\/val\/guia-dallotjaments\/\" \/>\n<meta property=\"og:site_name\" content=\"Turisme Moixent\" \/>\n<meta property=\"article:modified_time\" content=\"2026-01-27T11:57:39+00:00\" \/>\n<meta property=\"og:image\" content=\"https:\/\/turismemoixent.com\/wp-content\/uploads\/2025\/12\/alojamientos.webp\" \/>\n\t<meta property=\"og:image:width\" content=\"1920\" \/>\n\t<meta property=\"og:image:height\" content=\"1000\" \/>\n\t<meta property=\"og:image:type\" content=\"image\/webp\" \/>\n<meta name=\"twitter:card\" content=\"summary_large_image\" \/>\n<meta name=\"twitter:label1\" content=\"Est. reading time\" \/>\n\t<meta name=\"twitter:data1\" content=\"12 minuts\" \/>\n<script type=\"application\/ld+json\" class=\"yoast-schema-graph\">{\"@context\":\"https:\/\/schema.org\",\"@graph\":[{\"@type\":\"WebPage\",\"@id\":\"https:\/\/turismemoixent.com\/val\/guia-dallotjaments\/\",\"url\":\"https:\/\/turismemoixent.com\/val\/guia-dallotjaments\/\",\"name\":\"Guia d\u2019allotjaments - Turisme Moixent\",\"isPartOf\":{\"@id\":\"https:\/\/turismemoixent.com\/#website\"},\"primaryImageOfPage\":{\"@id\":\"https:\/\/turismemoixent.com\/val\/guia-dallotjaments\/#primaryimage\"},\"image\":{\"@id\":\"https:\/\/turismemoixent.com\/val\/guia-dallotjaments\/#primaryimage\"},\"thumbnailUrl\":\"https:\/\/turismemoixent.com\/wp-content\/uploads\/2025\/12\/alojamientos.webp\",\"datePublished\":\"2025-12-14T11:56:14+00:00\",\"dateModified\":\"2026-01-27T11:57:39+00:00\",\"description\":\"Moixent es saboreja a foc lent: patrimoni, rutes i calma interior conviden a quedar-se. Et proposem una selecci\u00f3 d\u2019allotjaments per a viure-ho.\",\"breadcrumb\":{\"@id\":\"https:\/\/turismemoixent.com\/val\/guia-dallotjaments\/#breadcrumb\"},\"inLanguage\":\"ca\",\"potentialAction\":[{\"@type\":\"ReadAction\",\"target\":[\"https:\/\/turismemoixent.com\/val\/guia-dallotjaments\/\"]}]},{\"@type\":\"ImageObject\",\"inLanguage\":\"ca\",\"@id\":\"https:\/\/turismemoixent.com\/val\/guia-dallotjaments\/#primaryimage\",\"url\":\"https:\/\/turismemoixent.com\/wp-content\/uploads\/2025\/12\/alojamientos.webp\",\"contentUrl\":\"https:\/\/turismemoixent.com\/wp-content\/uploads\/2025\/12\/alojamientos.webp\",\"width\":1920,\"height\":1000},{\"@type\":\"BreadcrumbList\",\"@id\":\"https:\/\/turismemoixent.com\/val\/guia-dallotjaments\/#breadcrumb\",\"itemListElement\":[{\"@type\":\"ListItem\",\"position\":1,\"name\":\"Portada\",\"item\":\"https:\/\/turismemoixent.com\/val\/moixent\/\"},{\"@type\":\"ListItem\",\"position\":2,\"name\":\"Guia d\u2019allotjaments\"}]},{\"@type\":\"WebSite\",\"@id\":\"https:\/\/turismemoixent.com\/#website\",\"url\":\"https:\/\/turismemoixent.com\/\",\"name\":\"Turisme Moixent\",\"description\":\"Web oficial de Turisme Moixent. Descobreix-ne el patrimoni, els vins i la calma d'un dest\u00ed interior per gaudir sense presses.\",\"potentialAction\":[{\"@type\":\"SearchAction\",\"target\":{\"@type\":\"EntryPoint\",\"urlTemplate\":\"https:\/\/turismemoixent.com\/?s={search_term_string}\"},\"query-input\":{\"@type\":\"PropertyValueSpecification\",\"valueRequired\":true,\"valueName\":\"search_term_string\"}}],\"inLanguage\":\"ca\"}]}<\/script>\n<!-- \/ Yoast SEO plugin. -->","yoast_head_json":{"title":"Guia d\u2019allotjaments - Turisme Moixent","description":"Moixent es saboreja a foc lent: patrimoni, rutes i calma interior conviden a quedar-se. Et proposem una selecci\u00f3 d\u2019allotjaments per a viure-ho.","robots":{"index":"index","follow":"follow","max-snippet":"max-snippet:-1","max-image-preview":"max-image-preview:large","max-video-preview":"max-video-preview:-1"},"canonical":"https:\/\/turismemoixent.com\/val\/guia-dallotjaments\/","og_locale":"ca_ES","og_type":"article","og_title":"Guia d\u2019allotjaments - Turisme Moixent","og_description":"Moixent es saboreja a foc lent: patrimoni, rutes i calma interior conviden a quedar-se. Et proposem una selecci\u00f3 d\u2019allotjaments per a viure-ho.","og_url":"https:\/\/turismemoixent.com\/val\/guia-dallotjaments\/","og_site_name":"Turisme Moixent","article_modified_time":"2026-01-27T11:57:39+00:00","og_image":[{"width":1920,"height":1000,"url":"https:\/\/turismemoixent.com\/wp-content\/uploads\/2025\/12\/alojamientos.webp","type":"image\/webp"}],"twitter_card":"summary_large_image","twitter_misc":{"Est. reading time":"12 minuts"},"schema":{"@context":"https:\/\/schema.org","@graph":[{"@type":"WebPage","@id":"https:\/\/turismemoixent.com\/val\/guia-dallotjaments\/","url":"https:\/\/turismemoixent.com\/val\/guia-dallotjaments\/","name":"Guia d\u2019allotjaments - Turisme Moixent","isPartOf":{"@id":"https:\/\/turismemoixent.com\/#website"},"primaryImageOfPage":{"@id":"https:\/\/turismemoixent.com\/val\/guia-dallotjaments\/#primaryimage"},"image":{"@id":"https:\/\/turismemoixent.com\/val\/guia-dallotjaments\/#primaryimage"},"thumbnailUrl":"https:\/\/turismemoixent.com\/wp-content\/uploads\/2025\/12\/alojamientos.webp","datePublished":"2025-12-14T11:56:14+00:00","dateModified":"2026-01-27T11:57:39+00:00","description":"Moixent es saboreja a foc lent: patrimoni, rutes i calma interior conviden a quedar-se. Et proposem una selecci\u00f3 d\u2019allotjaments per a viure-ho.","breadcrumb":{"@id":"https:\/\/turismemoixent.com\/val\/guia-dallotjaments\/#breadcrumb"},"inLanguage":"ca","potentialAction":[{"@type":"ReadAction","target":["https:\/\/turismemoixent.com\/val\/guia-dallotjaments\/"]}]},{"@type":"ImageObject","inLanguage":"ca","@id":"https:\/\/turismemoixent.com\/val\/guia-dallotjaments\/#primaryimage","url":"https:\/\/turismemoixent.com\/wp-content\/uploads\/2025\/12\/alojamientos.webp","contentUrl":"https:\/\/turismemoixent.com\/wp-content\/uploads\/2025\/12\/alojamientos.webp","width":1920,"height":1000},{"@type":"BreadcrumbList","@id":"https:\/\/turismemoixent.com\/val\/guia-dallotjaments\/#breadcrumb","itemListElement":[{"@type":"ListItem","position":1,"name":"Portada","item":"https:\/\/turismemoixent.com\/val\/moixent\/"},{"@type":"ListItem","position":2,"name":"Guia d\u2019allotjaments"}]},{"@type":"WebSite","@id":"https:\/\/turismemoixent.com\/#website","url":"https:\/\/turismemoixent.com\/","name":"Turisme Moixent","description":"Web oficial de Turisme Moixent. Descobreix-ne el patrimoni, els vins i la calma d'un dest\u00ed interior per gaudir sense presses.","potentialAction":[{"@type":"SearchAction","target":{"@type":"EntryPoint","urlTemplate":"https:\/\/turismemoixent.com\/?s={search_term_string}"},"query-input":{"@type":"PropertyValueSpecification","valueRequired":true,"valueName":"search_term_string"}}],"inLanguage":"ca"}]}},"_links":{"self":[{"href":"https:\/\/turismemoixent.com\/val\/wp-json\/wp\/v2\/pages\/8126","targetHints":{"allow":["GET"]}}],"collection":[{"href":"https:\/\/turismemoixent.com\/val\/wp-json\/wp\/v2\/pages"}],"about":[{"href":"https:\/\/turismemoixent.com\/val\/wp-json\/wp\/v2\/types\/page"}],"author":[{"embeddable":true,"href":"https:\/\/turismemoixent.com\/val\/wp-json\/wp\/v2\/users\/1"}],"replies":[{"embeddable":true,"href":"https:\/\/turismemoixent.com\/val\/wp-json\/wp\/v2\/comments?post=8126"}],"version-history":[{"count":10,"href":"https:\/\/turismemoixent.com\/val\/wp-json\/wp\/v2\/pages\/8126\/revisions"}],"predecessor-version":[{"id":9054,"href":"https:\/\/turismemoixent.com\/val\/wp-json\/wp\/v2\/pages\/8126\/revisions\/9054"}],"wp:featuredmedia":[{"embeddable":true,"href":"https:\/\/turismemoixent.com\/val\/wp-json\/wp\/v2\/media\/8127"}],"wp:attachment":[{"href":"https:\/\/turismemoixent.com\/val\/wp-json\/wp\/v2\/media?parent=8126"}],"curies":[{"name":"wp","href":"https:\/\/api.w.org\/{rel}","templated":true}]}}