{"id":8099,"date":"2025-12-19T16:55:34","date_gmt":"2025-12-19T16:55:34","guid":{"rendered":"https:\/\/turismemoixent.com\/blog\/"},"modified":"2025-12-22T14:24:52","modified_gmt":"2025-12-22T14:24:52","slug":"blog","status":"publish","type":"page","link":"https:\/\/turismemoixent.com\/val\/blog\/","title":{"rendered":"Blog"},"content":{"rendered":"\t\t<div data-elementor-type=\"wp-page\" data-elementor-id=\"8099\" class=\"elementor elementor-8099 elementor-7878\">\n\t\t\t\t\t\t<section class=\"elementor-section elementor-top-section elementor-element elementor-element-4b9ef3f elementor-section-content-middle elementor-section-stretched elementor-section-boxed elementor-section-height-default elementor-section-height-default\" data-id=\"4b9ef3f\" data-element_type=\"section\" data-settings=\"{&quot;stretch_section&quot;:&quot;section-stretched&quot;,&quot;jet_parallax_layout_list&quot;:[{&quot;_id&quot;:&quot;69e5e79&quot;,&quot;jet_parallax_layout_image&quot;:{&quot;url&quot;:&quot;&quot;,&quot;id&quot;:&quot;&quot;,&quot;size&quot;:&quot;&quot;},&quot;jet_parallax_layout_image_tablet&quot;:{&quot;url&quot;:&quot;&quot;,&quot;id&quot;:&quot;&quot;,&quot;size&quot;:&quot;&quot;},&quot;jet_parallax_layout_image_mobile&quot;:{&quot;url&quot;:&quot;&quot;,&quot;id&quot;:&quot;&quot;,&quot;size&quot;:&quot;&quot;},&quot;jet_parallax_layout_speed&quot;:{&quot;unit&quot;:&quot;%&quot;,&quot;size&quot;:50,&quot;sizes&quot;:[]},&quot;jet_parallax_layout_type&quot;:&quot;scroll&quot;,&quot;jet_parallax_layout_direction&quot;:&quot;1&quot;,&quot;jet_parallax_layout_fx_direction&quot;:null,&quot;jet_parallax_layout_z_index&quot;:&quot;&quot;,&quot;jet_parallax_layout_bg_x&quot;:50,&quot;jet_parallax_layout_bg_x_tablet&quot;:&quot;&quot;,&quot;jet_parallax_layout_bg_x_mobile&quot;:&quot;&quot;,&quot;jet_parallax_layout_bg_y&quot;:50,&quot;jet_parallax_layout_bg_y_tablet&quot;:&quot;&quot;,&quot;jet_parallax_layout_bg_y_mobile&quot;:&quot;&quot;,&quot;jet_parallax_layout_bg_size&quot;:&quot;auto&quot;,&quot;jet_parallax_layout_bg_size_tablet&quot;:&quot;&quot;,&quot;jet_parallax_layout_bg_size_mobile&quot;:&quot;&quot;,&quot;jet_parallax_layout_animation_prop&quot;:&quot;transform&quot;,&quot;jet_parallax_layout_on&quot;:[&quot;desktop&quot;,&quot;tablet&quot;]}],&quot;background_background&quot;:&quot;classic&quot;}\">\n\t\t\t\t\t\t\t<div class=\"elementor-background-overlay\"><\/div>\n\t\t\t\t\t\t\t<div class=\"elementor-container elementor-column-gap-default\">\n\t\t\t\t\t<div class=\"elementor-column elementor-col-100 elementor-top-column elementor-element elementor-element-c45a943\" data-id=\"c45a943\" data-element_type=\"column\">\n\t\t\t<div class=\"elementor-widget-wrap elementor-element-populated\">\n\t\t\t\t\t<div class=\"elementor-background-overlay\"><\/div>\n\t\t\t\t\t\t<div class=\"elementor-element elementor-element-5fd747a animated-slow elementor-invisible elementor-widget elementor-widget-heading\" data-id=\"5fd747a\" data-element_type=\"widget\" data-settings=\"{&quot;_animation&quot;:&quot;fadeIn&quot;,&quot;_animation_delay&quot;:300}\" data-widget_type=\"heading.default\">\n\t\t\t\t<div class=\"elementor-widget-container\">\n\t\t\t\t\t<span class=\"elementor-heading-title elementor-size-default\">Actualitat de Moixent\n<\/span>\t\t\t\t<\/div>\n\t\t\t\t<\/div>\n\t\t\t\t<div class=\"elementor-element elementor-element-2ebfff6 animated-slow elementor-invisible elementor-widget elementor-widget-heading\" data-id=\"2ebfff6\" data-element_type=\"widget\" data-settings=\"{&quot;_animation&quot;:&quot;fadeIn&quot;,&quot;_animation_delay&quot;:500}\" data-widget_type=\"heading.default\">\n\t\t\t\t<div class=\"elementor-widget-container\">\n\t\t\t\t\t<h1 class=\"elementor-heading-title elementor-size-default\">Blog de Noticies<\/h1>\t\t\t\t<\/div>\n\t\t\t\t<\/div>\n\t\t\t\t<div class=\"elementor-element elementor-element-4241e46 animated-slow elementor-widget-divider--view-line elementor-invisible elementor-widget elementor-widget-divider\" data-id=\"4241e46\" data-element_type=\"widget\" data-settings=\"{&quot;_animation&quot;:&quot;fadeInRight&quot;,&quot;_animation_delay&quot;:700,&quot;_animation_tablet&quot;:&quot;fadeIn&quot;}\" data-widget_type=\"divider.default\">\n\t\t\t\t<div class=\"elementor-widget-container\">\n\t\t\t\t\t\t\t<div class=\"elementor-divider\">\n\t\t\t<span class=\"elementor-divider-separator\">\n\t\t\t\t\t\t<\/span>\n\t\t<\/div>\n\t\t\t\t\t\t<\/div>\n\t\t\t\t<\/div>\n\t\t\t\t<div class=\"elementor-element elementor-element-77b9cc3 animated-slow elementor-invisible elementor-widget elementor-widget-text-editor\" data-id=\"77b9cc3\" data-element_type=\"widget\" data-settings=\"{&quot;_animation&quot;:&quot;fadeIn&quot;,&quot;_animation_delay&quot;:750}\" data-widget_type=\"text-editor.default\">\n\t\t\t\t<div class=\"elementor-widget-container\">\n\t\t\t\t\t\t\t\t\t<p>Descobrix en el nostre blog tota la informaci\u00f3 sobre Moixent: not\u00edcies recents, esdeveniments destacats i fets que donen forma a la vida del municipi. Un espai per a estar al dia i seguir de prop tot el que passa al teu voltant.<\/p>\t\t\t\t\t\t\t\t<\/div>\n\t\t\t\t<\/div>\n\t\t\t\t\t<\/div>\n\t\t<\/div>\n\t\t\t\t\t<\/div>\n\t\t<\/section>\n\t\t<div class=\"elementor-element elementor-element-c42bb27 e-flex e-con-boxed e-con e-parent\" data-id=\"c42bb27\" data-element_type=\"container\" data-settings=\"{&quot;background_background&quot;:&quot;classic&quot;,&quot;jet_parallax_layout_list&quot;:[]}\">\n\t\t\t\t\t<div class=\"e-con-inner\">\n\t\t\t\t<div class=\"elementor-element elementor-element-a602c99 elementor-widget elementor-widget-raven-posts\" data-id=\"a602c99\" data-element_type=\"widget\" data-settings=\"{&quot;classic_layout&quot;:&quot;masonry&quot;,&quot;query_posts_per_page&quot;:50,&quot;_skin&quot;:&quot;classic&quot;,&quot;classic_columns&quot;:&quot;3&quot;,&quot;classic_columns_tablet&quot;:&quot;2&quot;,&quot;classic_columns_mobile&quot;:&quot;1&quot;,&quot;query_offset&quot;:0}\" data-widget_type=\"raven-posts.classic\">\n\t\t\t\t<div class=\"elementor-widget-container\">\n\t\t\t\t\t\t\t<div class=\"raven-posts raven-masonry raven-masonry-3 raven-masonry-mobile-1 raven-masonry-tablet-2\" data-post-id=\"8099\" data-archive-query=\"\" data-lang=\"\">\n\t\t\t\t<div class=\"raven-masonry-item raven-post-item post-8428 post type-post status-publish format-standard has-post-thumbnail hentry category-cultura category-patrimoni tag-bastida-de-les-alcusses tag-turisme-actiu\">\n\t\t\t<div class=\"raven-post\">\n\t\t\t\t\t\t<div class=\"raven-post-image-wrap\">\n\t\t\t<a class=\"raven-post-image\" href=\"https:\/\/turismemoixent.com\/val\/moixent-va-reviure-el-mon-iber-a-la-bastida-de-les-alcusses\/\"><img fetchpriority=\"high\" decoding=\"async\" width=\"1024\" height=\"639\" src=\"https:\/\/turismemoixent.com\/wp-content\/uploads\/2025\/12\/photo_2025-12-17_11-50-32-1024x639.jpg\" class=\"attachment-large size-large wp-image-8179\" alt=\"\" srcset=\"https:\/\/turismemoixent.com\/wp-content\/uploads\/2025\/12\/photo_2025-12-17_11-50-32-1024x639.jpg 1024w, https:\/\/turismemoixent.com\/wp-content\/uploads\/2025\/12\/photo_2025-12-17_11-50-32-300x187.jpg 300w, https:\/\/turismemoixent.com\/wp-content\/uploads\/2025\/12\/photo_2025-12-17_11-50-32-768x479.jpg 768w, https:\/\/turismemoixent.com\/wp-content\/uploads\/2025\/12\/photo_2025-12-17_11-50-32.jpg 1160w\" sizes=\"(max-width: 1024px) 100vw, 1024px\" \/> <span class=\"raven-post-image-overlay\"><\/span><\/a>\t\t<\/div>\n\t\t\t\t\t\t<div class=\"raven-post-content\">\n\t\t\t\t\t<h3 class=\"raven-post-title\"><a class=\"raven-post-title-link\" href=\"https:\/\/turismemoixent.com\/val\/moixent-va-reviure-el-mon-iber-a-la-bastida-de-les-alcusses\/\">Moixent va reviure el m\u00f3n iber a la Bastida de les Alcusses.<\/a><\/h3><div class=\"raven-post-excerpt\">Moixent va celebrar les XVIII Jornades de la Bastida amb aforament complet: experi\u00e8ncies sensorials per a viure el m\u00f3n iber. El museu va ofertar tallers sobre el Guerrer, consolidant turisme cultural i arqueol\u00f2gic.<\/div>\t\t<div class=\"raven-post-read-more\">\n\t\t\t<a class=\"raven-post-button\" href=\"https:\/\/turismemoixent.com\/val\/moixent-va-reviure-el-mon-iber-a-la-bastida-de-les-alcusses\/\"><span class=\"raven-post-button-text\">+ Informaci\u00f3<\/span><\/a>\n\t\t<\/div>\n\t\t\t\t\t\t<\/div>\n\t\t\t<\/div>\n\t\t<\/div>\n\t\t\t\t<div class=\"raven-masonry-item raven-post-item post-8429 post type-post status-publish format-standard has-post-thumbnail hentry category-turisme tag-enoturisme tag-mostra-de-vins\">\n\t\t\t<div class=\"raven-post\">\n\t\t\t\t\t\t<div class=\"raven-post-image-wrap\">\n\t\t\t<a class=\"raven-post-image\" href=\"https:\/\/turismemoixent.com\/val\/la-mostra-de-vins-de-les-terres-dels-alforins-consolida-moixent-com-a-desti-enoturistic\/\"><img decoding=\"async\" width=\"1024\" height=\"634\" src=\"https:\/\/turismemoixent.com\/wp-content\/uploads\/2025\/12\/photo_2025-12-17_11-27-26-1024x634.jpg\" class=\"attachment-large size-large wp-image-8180\" alt=\"\" srcset=\"https:\/\/turismemoixent.com\/wp-content\/uploads\/2025\/12\/photo_2025-12-17_11-27-26-1024x634.jpg 1024w, https:\/\/turismemoixent.com\/wp-content\/uploads\/2025\/12\/photo_2025-12-17_11-27-26-300x186.jpg 300w, https:\/\/turismemoixent.com\/wp-content\/uploads\/2025\/12\/photo_2025-12-17_11-27-26-768x475.jpg 768w, https:\/\/turismemoixent.com\/wp-content\/uploads\/2025\/12\/photo_2025-12-17_11-27-26.jpg 1157w\" sizes=\"(max-width: 1024px) 100vw, 1024px\" \/> <span class=\"raven-post-image-overlay\"><\/span><\/a>\t\t<\/div>\n\t\t\t\t\t\t<div class=\"raven-post-content\">\n\t\t\t\t\t<h3 class=\"raven-post-title\"><a class=\"raven-post-title-link\" href=\"https:\/\/turismemoixent.com\/val\/la-mostra-de-vins-de-les-terres-dels-alforins-consolida-moixent-com-a-desti-enoturistic\/\">La Mostra de Vins de les Terres dels Alforins consolida Moixent com a dest\u00ed enotur\u00edstic.<\/a><\/h3><div class=\"raven-post-excerpt\">La 12a Mostra de Vins de les Terres dels Alforins va tornar a situar Moixent en el centre de l\u2019enoturisme valenci\u00e0, superant els 10.000 assistents. Vi, gastronomia, m\u00fasica i millores organitzatives marcaren una jornada que va incloure l\u2019homenatge a Paco Calatayud.<\/div>\t\t<div class=\"raven-post-read-more\">\n\t\t\t<a class=\"raven-post-button\" href=\"https:\/\/turismemoixent.com\/val\/la-mostra-de-vins-de-les-terres-dels-alforins-consolida-moixent-com-a-desti-enoturistic\/\"><span class=\"raven-post-button-text\">+ Informaci\u00f3<\/span><\/a>\n\t\t<\/div>\n\t\t\t\t\t\t<\/div>\n\t\t\t<\/div>\n\t\t<\/div>\n\t\t\t\t<div class=\"raven-masonry-item raven-post-item post-8430 post type-post status-publish format-standard has-post-thumbnail hentry category-turisme tag-trail-de-moixent tag-trail-de-montanya tag-turisme-actiu\">\n\t\t\t<div class=\"raven-post\">\n\t\t\t\t\t\t<div class=\"raven-post-image-wrap\">\n\t\t\t<a class=\"raven-post-image\" href=\"https:\/\/turismemoixent.com\/val\/turisme-actiu-moixent\/\"><img decoding=\"async\" width=\"1024\" height=\"683\" src=\"https:\/\/turismemoixent.com\/wp-content\/uploads\/2025\/12\/photo_2025-12-17_11-57-15-1024x683.jpg\" class=\"attachment-large size-large wp-image-8181\" alt=\"\" srcset=\"https:\/\/turismemoixent.com\/wp-content\/uploads\/2025\/12\/photo_2025-12-17_11-57-15-1024x683.jpg 1024w, https:\/\/turismemoixent.com\/wp-content\/uploads\/2025\/12\/photo_2025-12-17_11-57-15-300x200.jpg 300w, https:\/\/turismemoixent.com\/wp-content\/uploads\/2025\/12\/photo_2025-12-17_11-57-15-768x512.jpg 768w, https:\/\/turismemoixent.com\/wp-content\/uploads\/2025\/12\/photo_2025-12-17_11-57-15.jpg 1200w\" sizes=\"(max-width: 1024px) 100vw, 1024px\" \/> <span class=\"raven-post-image-overlay\"><\/span><\/a>\t\t<\/div>\n\t\t\t\t\t\t<div class=\"raven-post-content\">\n\t\t\t\t\t<h3 class=\"raven-post-title\"><a class=\"raven-post-title-link\" href=\"https:\/\/turismemoixent.com\/val\/turisme-actiu-moixent\/\">El Trail de Muntanya refor\u00e7a l\u2019aposta pel turisme actiu a Moixent.<\/a><\/h3><div class=\"raven-post-excerpt\">Moixent refor\u00e7a la seua aposta pel turisme actiu amb el Trail de Muntanya, una cita que posa en valor les seues sendes i paisatges naturals.\n<\/div>\t\t<div class=\"raven-post-read-more\">\n\t\t\t<a class=\"raven-post-button\" href=\"https:\/\/turismemoixent.com\/val\/turisme-actiu-moixent\/\"><span class=\"raven-post-button-text\">+ Informaci\u00f3<\/span><\/a>\n\t\t<\/div>\n\t\t\t\t\t\t<\/div>\n\t\t\t<\/div>\n\t\t<\/div>\n\t\t\t\t<\/div>\n\t\t\t\t\t\t<\/div>\n\t\t\t\t<\/div>\n\t\t\t\t\t<\/div>\n\t\t\t\t<\/div>\n\t\t\t\t<\/div>\n\t\t","protected":false},"excerpt":{"rendered":"<p>Actualitat de Moixent Blog de Noticies Descobrix en el nostre blog tota la informaci\u00f3 sobre Moixent: not\u00edcies recents, esdeveniments destacats i fets que donen forma a la vida del municipi. Un espai per a estar al dia i seguir de prop tot el que passa al teu voltant. Moixent revivi\u00f3 el mundo \u00edbero en La [&hellip;]<\/p>\n","protected":false},"author":1,"featured_media":0,"parent":0,"menu_order":0,"comment_status":"closed","ping_status":"closed","template":"full-width.php","meta":{"_acf_changed":false,"footnotes":""},"class_list":["post-8099","page","type-page","status-publish","hentry"],"acf":[],"yoast_head":"<!-- This site is optimized with the Yoast SEO plugin v26.6 - https:\/\/yoast.com\/wordpress\/plugins\/seo\/ -->\n<title>Blog - Turisme Moixent<\/title>\n<meta name=\"description\" content=\"Descobrix en el nostre blog tota la informaci\u00f3 sobre Moixent. Un espai per a estar al dia i seguir de prop tot el que passa al teu voltant.\" \/>\n<meta name=\"robots\" content=\"index, follow, max-snippet:-1, max-image-preview:large, max-video-preview:-1\" \/>\n<link rel=\"canonical\" href=\"https:\/\/turismemoixent.com\/blog\/\" \/>\n<meta property=\"og:locale\" content=\"ca_ES\" \/>\n<meta property=\"og:type\" content=\"article\" \/>\n<meta property=\"og:title\" content=\"Blog - Turisme Moixent\" \/>\n<meta property=\"og:description\" content=\"Descobrix en el nostre blog tota la informaci\u00f3 sobre Moixent. Un espai per a estar al dia i seguir de prop tot el que passa al teu voltant.\" \/>\n<meta property=\"og:url\" content=\"https:\/\/turismemoixent.com\/blog\/\" \/>\n<meta property=\"og:site_name\" content=\"Turisme Moixent\" \/>\n<meta property=\"article:modified_time\" content=\"2025-12-22T14:24:52+00:00\" \/>\n<meta property=\"og:image\" content=\"https:\/\/turismemoixent.com\/wp-content\/uploads\/2025\/12\/photo_2025-12-17_11-50-32.jpg\" \/>\n\t<meta property=\"og:image:width\" content=\"1160\" \/>\n\t<meta property=\"og:image:height\" content=\"724\" \/>\n\t<meta property=\"og:image:type\" content=\"image\/jpeg\" \/>\n<meta name=\"twitter:card\" content=\"summary_large_image\" \/>\n<meta name=\"twitter:label1\" content=\"Est. reading time\" \/>\n\t<meta name=\"twitter:data1\" content=\"2 minuts\" \/>\n<script type=\"application\/ld+json\" class=\"yoast-schema-graph\">{\"@context\":\"https:\/\/schema.org\",\"@graph\":[{\"@type\":\"WebPage\",\"@id\":\"https:\/\/turismemoixent.com\/blog\/\",\"url\":\"https:\/\/turismemoixent.com\/blog\/\",\"name\":\"Blog - Turisme Moixent\",\"isPartOf\":{\"@id\":\"https:\/\/turismemoixent.com\/#website\"},\"primaryImageOfPage\":{\"@id\":\"https:\/\/turismemoixent.com\/blog\/#primaryimage\"},\"image\":{\"@id\":\"https:\/\/turismemoixent.com\/blog\/#primaryimage\"},\"thumbnailUrl\":\"https:\/\/turismemoixent.com\/wp-content\/uploads\/2025\/12\/photo_2025-12-17_11-50-32-1024x639.jpg\",\"datePublished\":\"2025-12-19T16:55:34+00:00\",\"dateModified\":\"2025-12-22T14:24:52+00:00\",\"description\":\"Descobrix en el nostre blog tota la informaci\u00f3 sobre Moixent. Un espai per a estar al dia i seguir de prop tot el que passa al teu voltant.\",\"breadcrumb\":{\"@id\":\"https:\/\/turismemoixent.com\/blog\/#breadcrumb\"},\"inLanguage\":\"ca\",\"potentialAction\":[{\"@type\":\"ReadAction\",\"target\":[\"https:\/\/turismemoixent.com\/blog\/\"]}]},{\"@type\":\"ImageObject\",\"inLanguage\":\"ca\",\"@id\":\"https:\/\/turismemoixent.com\/blog\/#primaryimage\",\"url\":\"https:\/\/turismemoixent.com\/wp-content\/uploads\/2025\/12\/photo_2025-12-17_11-50-32-1024x639.jpg\",\"contentUrl\":\"https:\/\/turismemoixent.com\/wp-content\/uploads\/2025\/12\/photo_2025-12-17_11-50-32-1024x639.jpg\"},{\"@type\":\"BreadcrumbList\",\"@id\":\"https:\/\/turismemoixent.com\/blog\/#breadcrumb\",\"itemListElement\":[{\"@type\":\"ListItem\",\"position\":1,\"name\":\"Portada\",\"item\":\"https:\/\/turismemoixent.com\/val\/moixent\/\"},{\"@type\":\"ListItem\",\"position\":2,\"name\":\"Blog\"}]},{\"@type\":\"WebSite\",\"@id\":\"https:\/\/turismemoixent.com\/#website\",\"url\":\"https:\/\/turismemoixent.com\/\",\"name\":\"Turisme Moixent\",\"description\":\"Web oficial de Turisme Moixent. Descobreix-ne el patrimoni, els vins i la calma d'un dest\u00ed interior per gaudir sense presses.\",\"potentialAction\":[{\"@type\":\"SearchAction\",\"target\":{\"@type\":\"EntryPoint\",\"urlTemplate\":\"https:\/\/turismemoixent.com\/?s={search_term_string}\"},\"query-input\":{\"@type\":\"PropertyValueSpecification\",\"valueRequired\":true,\"valueName\":\"search_term_string\"}}],\"inLanguage\":\"ca\"}]}<\/script>\n<!-- \/ Yoast SEO plugin. -->","yoast_head_json":{"title":"Blog - Turisme Moixent","description":"Descobrix en el nostre blog tota la informaci\u00f3 sobre Moixent. Un espai per a estar al dia i seguir de prop tot el que passa al teu voltant.","robots":{"index":"index","follow":"follow","max-snippet":"max-snippet:-1","max-image-preview":"max-image-preview:large","max-video-preview":"max-video-preview:-1"},"canonical":"https:\/\/turismemoixent.com\/blog\/","og_locale":"ca_ES","og_type":"article","og_title":"Blog - Turisme Moixent","og_description":"Descobrix en el nostre blog tota la informaci\u00f3 sobre Moixent. Un espai per a estar al dia i seguir de prop tot el que passa al teu voltant.","og_url":"https:\/\/turismemoixent.com\/blog\/","og_site_name":"Turisme Moixent","article_modified_time":"2025-12-22T14:24:52+00:00","og_image":[{"width":1160,"height":724,"url":"https:\/\/turismemoixent.com\/wp-content\/uploads\/2025\/12\/photo_2025-12-17_11-50-32.jpg","type":"image\/jpeg"}],"twitter_card":"summary_large_image","twitter_misc":{"Est. reading time":"2 minuts"},"schema":{"@context":"https:\/\/schema.org","@graph":[{"@type":"WebPage","@id":"https:\/\/turismemoixent.com\/blog\/","url":"https:\/\/turismemoixent.com\/blog\/","name":"Blog - Turisme Moixent","isPartOf":{"@id":"https:\/\/turismemoixent.com\/#website"},"primaryImageOfPage":{"@id":"https:\/\/turismemoixent.com\/blog\/#primaryimage"},"image":{"@id":"https:\/\/turismemoixent.com\/blog\/#primaryimage"},"thumbnailUrl":"https:\/\/turismemoixent.com\/wp-content\/uploads\/2025\/12\/photo_2025-12-17_11-50-32-1024x639.jpg","datePublished":"2025-12-19T16:55:34+00:00","dateModified":"2025-12-22T14:24:52+00:00","description":"Descobrix en el nostre blog tota la informaci\u00f3 sobre Moixent. Un espai per a estar al dia i seguir de prop tot el que passa al teu voltant.","breadcrumb":{"@id":"https:\/\/turismemoixent.com\/blog\/#breadcrumb"},"inLanguage":"ca","potentialAction":[{"@type":"ReadAction","target":["https:\/\/turismemoixent.com\/blog\/"]}]},{"@type":"ImageObject","inLanguage":"ca","@id":"https:\/\/turismemoixent.com\/blog\/#primaryimage","url":"https:\/\/turismemoixent.com\/wp-content\/uploads\/2025\/12\/photo_2025-12-17_11-50-32-1024x639.jpg","contentUrl":"https:\/\/turismemoixent.com\/wp-content\/uploads\/2025\/12\/photo_2025-12-17_11-50-32-1024x639.jpg"},{"@type":"BreadcrumbList","@id":"https:\/\/turismemoixent.com\/blog\/#breadcrumb","itemListElement":[{"@type":"ListItem","position":1,"name":"Portada","item":"https:\/\/turismemoixent.com\/val\/moixent\/"},{"@type":"ListItem","position":2,"name":"Blog"}]},{"@type":"WebSite","@id":"https:\/\/turismemoixent.com\/#website","url":"https:\/\/turismemoixent.com\/","name":"Turisme Moixent","description":"Web oficial de Turisme Moixent. Descobreix-ne el patrimoni, els vins i la calma d'un dest\u00ed interior per gaudir sense presses.","potentialAction":[{"@type":"SearchAction","target":{"@type":"EntryPoint","urlTemplate":"https:\/\/turismemoixent.com\/?s={search_term_string}"},"query-input":{"@type":"PropertyValueSpecification","valueRequired":true,"valueName":"search_term_string"}}],"inLanguage":"ca"}]}},"_links":{"self":[{"href":"https:\/\/turismemoixent.com\/val\/wp-json\/wp\/v2\/pages\/8099","targetHints":{"allow":["GET"]}}],"collection":[{"href":"https:\/\/turismemoixent.com\/val\/wp-json\/wp\/v2\/pages"}],"about":[{"href":"https:\/\/turismemoixent.com\/val\/wp-json\/wp\/v2\/types\/page"}],"author":[{"embeddable":true,"href":"https:\/\/turismemoixent.com\/val\/wp-json\/wp\/v2\/users\/1"}],"replies":[{"embeddable":true,"href":"https:\/\/turismemoixent.com\/val\/wp-json\/wp\/v2\/comments?post=8099"}],"version-history":[{"count":7,"href":"https:\/\/turismemoixent.com\/val\/wp-json\/wp\/v2\/pages\/8099\/revisions"}],"predecessor-version":[{"id":8449,"href":"https:\/\/turismemoixent.com\/val\/wp-json\/wp\/v2\/pages\/8099\/revisions\/8449"}],"wp:attachment":[{"href":"https:\/\/turismemoixent.com\/val\/wp-json\/wp\/v2\/media?parent=8099"}],"curies":[{"name":"wp","href":"https:\/\/api.w.org\/{rel}","templated":true}]}}